it of 2362098623?
2
What is the thousands digit of 787567669?
7
What is the ten thousands digit of 23221743?
2
What is the thousands digit of 334691484?
1
What is the millions digit of 175889970?
5
What is the hundreds digit of 3567145959?
9
What is the ten thousands digit of 666938868?
3
What is the tens digit of 253846146?
4
What is the billions digit of 1246593072?
1
What is the millions digit of 123295702?
3
What is the hundred thousands digit of 62008681?
0
What is the ten millions digit of 527100131?
2
What is the tens digit of 129928729?
2
What is the tens digit of 7283527?
2
What is the thousands digit of 7243989?
3
What is the ten thousands digit of 1256225368?
2
What is the tens digit of 252139052?
5
What is the billions digit of 2087868825?
2
What is the hundred thousands digit of 41991851?
9
What is the ten thousands digit of 250411237?
1
What is the ten millions digit of 72297390?
7
What is the ten thousands digit of 44052853?
5
What is the thousands digit of 28946264?
6
What is the hundreds digit of 5407308051?
0
What is the hundred millions digit of 271781866?
2
What is the tens digit of 57318393?
9
What is the billions digit of 1333146659?
1
What is the ten millions digit of 8567951052?
6
What is the hundreds digit of 526171541?
5
What is the hundred thousands digit of 90405985?
4
What is the tens digit of 433142899?
9
What is the millions digit of 183958451?
3
What is the units digit of 395573363?
3
What is the units digit of 385559880?
0
What is the ten millions digit of 91302774?
9
What is the hundreds digit of 28394879?
8
What is the hundreds digit of 28448550?
5
What is the tens digit of 1389975941?
4
What is the hundreds digit of 182907122?
1
What is the thousands digit of 218841663?
1
What is the hundreds digit of 124829835?
8
What is the hundred thousands digit of 8248279206?
2
What is the units digit of 70980523?
3
What is the ten thousands digit of 3679051201?
5
What is the hundred thousands digit of 723564386?
5
What is the tens digit of 495240659?
5
What is the millions digit of 50424885?
0
What is the hundred thousands digit of 170460457?
4
What is the hundred millions digit of 4520823362?
5
What is the hundreds digit of 16881003?
0
What is the hundred millions digit of 177058754?
1
What is the hundred millions digit of 1016855473?
0
What is the tens digit of 508545850?
5
What is the hundred millions digit of 2764531823?
7
What is the ten thousands digit of 17049294?
4
What is the thousands digit of 54647287?
7
What is the ten thousands digit of 311210933?
1
What is the hundreds digit of 943073554?
5
What is the millions digit of 2978644997?
8
What is the hundred thousands digit of 793758213?
7
What is the hundred millions digit of 3646810660?
6
What is the ten thousands digit of 1658418971?
1
What is the hundred millions digit of 520944387?
5
What is the hundred thousands digit of 1051014822?
0
What is the millions digit of 492470449?
2
What is the billions digit of 1160721363?
1
What is the ten thousands digit of 271360108?
6
What is the millions digit of 36965401?
6
What is the ten millions digit of 43291369?
4
What is the ten thousands digit of 56647788?
4
What is the units digit of 3186348418?
8
What is the units digit of 53036227?
7
What is the hundred thousands digit of 3484299426?
2
What is the hundreds digit of 443949240?
2
What is the tens digit of 1198613444?
4
What is the hundreds digit of 3733902?
9
What is the ten millions digit of 208790166?
0
What is the tens digit of 98664480?
8
What is the ten thousands digit of 1505159794?
5
What is the hundreds digit of 71082814?
8
What is the thousands digit of 11235395?
5
What is the tens digit of 641913948?
4
What is the hundreds digit of 18601679?
6
What is the ten thousands digit of 1803202041?
0
What is the hundred thousands digit of 35319155?
3
What is the hundred millions digit of 316284484?
3
What is the millions digit of 1190852347?
0
What is the hundred thousands digit of 70045998?
0
What is the hundreds digit of 3479557777?
7
What is the hundreds digit of 1982875647?
6
What is the hundreds digit of 2345939326?
3
What is the thousands digit of 38564454?
4
What is the units digit of 406083083?
3
What is the hundred millions digit of 223462884?
2
What is the units digit of 661859639?
9
What is the billions digit of 4237016453?
4
What is the hundred millions digit of 194690223?
1
What is the ten millions digit of 372544364?
7
What is the hundreds digit of 1480735354?
3
What is the ten millions digit of 718030563?
1
What is the units digit of 1415426374?
4
What is the units digit of 16610287?
7
What is the hundreds digit of 4393262?
2
What is the hundred thousands digit of 3839968817?
9
What is the ten millions digit of 757860723?
5
What is the ten millions digit of 76208367?
7
What is the ten millions digit of 437846845?
3
What is the hundred millions digit of 819481769?
8
What is the hundred millions digit of 2144658510?
1
What is the ten thousands digit of 312146367?
4
What is the hundred millions digit of 7180192010?
1
What is the ten millions digit of 214256793?
1
What is the ten thousands digit of 53346315?
4
What is the hundred millions digit of 274267021?
2
What is the tens digit of 975717961?
6
What is the hundreds digit of 60579993?
9
What is the thousands digit of 14569395?
9
What is the hundred millions digit of 732649680?
7
What is the thousands digit of 1209498646?
8
What is the thousands digit of 40422786?
2
What is the millions digit of 192249133?
2
What is the ten millions digit of 48050075?
4
What is the ten millions digit of 64020582?
6
What is the tens digit of 921530952?
5
What is the hundreds digit of 249623362?
3
What is the hundreds digit of 10480997?
9
What is the hundreds digit of 425741986?
9
What is the ten thousands digit of 693548567?
4
What is the tens digit of 599235562?
6
What is the hundred thousands digit of 1029000288?
0
What is the millions digit of 194411790?
4
What is the hundred thousands digit of 102400526?
4
What is the hundred thousands digit of 10230594?
2
What is the hundred millions digit of 2211548158?
2
What is the tens digit of 556701617?
1
What is the millions digit of 1121885058?
1
What is the ten thousands digit of 156771670?
7
What is the hundreds digit of 3441266775?
7
What is the hundreds digit of 3289388824?
8
What is the tens digit of 6965408?
0
What is the millions digit of 48186197?
8
What is the hundreds digit of 184959297?
2
What is the tens digit of 108565862?
6
What is the hundred thousands digit of 3117235777?
2
What is the tens digit of 121597083?
8
What is the units digit of 48978208?
8
What is the ten millions digit of 3998557236?
9
What is the hundreds digit of 234055471?
4
What is the ten millions digit of 115275645?
1
What is the units digit of 1152406139?
9
What is the hundred thousands digit of 1109883322?
8
What is the millions digit of 58404203?
8
What is the tens digit of 2063776399?
9
What is the hundreds digit of 107088339?
3
What is the millions digit of 30438660?
0
What is the thousands digit of 532970451?
0
What is the hundreds digit of 277318871?
8
What is the tens digit of 30305306?
0
What is the tens digit of 35752793?
9
What is the ten millions digit of 481056611?
8
What is the millions digit of 527027868?
7
What is the hundred thousands digit of 36342401?
3
What is the hundred thousands digit of 77818996?
8
What is the ten millions digit of 118218310?
1
What is the units digit of 894601771?
1
What is the hundred thousands digit of 6860085712?
0
What is the hundreds digit of 1814155?
1
What is the millions digit of 8227037?
8
What is the ten millions digit of 334797686?
3
What is the hundred thousands digit of 236469062?
4
What is the thousands digit of 26785428?
5
What is the units digit of 502570878?
8
What is the units digit of 148690274?
4
What is the hundred thousands digit of 44970986?
9
What is the millions digit of 331889043?
1
What is the hundreds digit of 909363480?
4
What is the tens digit of 4099794906?
0
What is the units digit of 766346966?
6
What is the thousands digit of 865859333?
9
What is the hundred thousands digit of 19726078?
7
What is the thousands digit of 26320688?
0
What is the units digit of 97486933?
3
What is the units digit of 310641452?
